)/(-12)).
2, 5
Suppose -2*n + 367 + 1679 = 0. What are the prime factors of n?
3, 11, 31
Let f(l) = 2*l**3 - l - 2*l + 6*l**2 + 0*l**3 - 3*l**3 - 8. Let x be f(5). Suppose 0 = x*p + 4*p - 312. List the prime factors of p.
2, 13
Let s = 705 + -273. Suppose -5*n + 543 = -3*g, 0 = -0*n + 4*n - 3*g - s. List the prime factors of n.
3, 37
Suppose -t - 102 = -462. List the prime factors of t.
2, 3, 5
Suppose l = 3, -2*o + 4*l - 8 = -4*o. Let b(a) = 8*a. Let i(k) = -8*k. Let d(q) = o*i(q) - 3*b(q). List the prime factors of d(-2).
2
Let c(h) = -35*h**2 - 13 + h + 17*h**2 + 28*h**2 - h**3. Let y be c(10). What are the prime factors of 1 - (-45 - (-1 + y))?
2, 3, 7
Let l(y) = -y**2 + 9*y + 30. Let p be l(12). List the prime factors of (p + 1)*6*(-7)/35.
2, 3
Suppose -m - 9 - 9 = 0. Let w be 1/(100/(-48) - -2). Let t = w - m. List the prime factors of t.
2, 3
Suppose g - 1 = 1. Suppose 5*t + 177 = 2*p, t - 483 = -3*p - g*p. List the prime factors of p.
2, 3
Let m(j) = 10*j + 187. Let b(g) = -7*g - 125. Let z(a) = 7*b(a) + 5*m(a). What are the prime factors of z(0)?
2, 3, 5
Suppose -2*s + 159 + 427 = 0. List the prime factors of s.
293
Let d be 1/(-2)*(1 - (6 - 3)). What are the prime factors of 2 - d/((-4)/(1464/3))?
2, 31
Let v(t) = -t**2 - 5*t + 11. Let j be v(-6). Suppose j*x - 17 = -2. Suppose -x*i + 2 + 130 = 0. List the prime factors of i.
2, 11
Let i(z) = -8*z + 85. What are the prime factors of i(-8)?
149
Suppose -5*s - 19 = 3*y + 705, 0 = 2*y - 5*s + 466. Let v = y - -342. Suppose i + 5*q = 58, 7*q = -2*i + 3*q + v. List the prime factors of i.
2, 3
Let g be 4/8 + 239/2. Let x = 233 - g. List the prime factors of x.
113
Let s(t) = -14 - 3*t**2 + 35 + 7*t + 4*t**2 - 2*t. What are the prime factors of s(-11)?
3, 29
Let d(s) = s**3 - 21*s**2 - 21*s - 16. Let f = -131 + 153. What are the prime factors of d(f)?
2, 3
Let b = 128 + -123. Suppose -7*x + 468 = -b*x. List the prime factors of x.
2, 3, 13
Let t(d) = -162*d - 1. What are the prime factors of t(-1)?
7, 23
Let h(z) be the third derivative of 31*z**4/24 - z**3/3 + 18*z**2. List the prime factors of h(2).
2, 3, 5
Suppose 3*p - 5*s = 1429, 7*p - 493 = 6*p + 5*s. What are the prime factors of p?
2, 3, 13
Let s(o) = o**3 + 6*o**2 + 5. Let w = 14 - 20. Let q be s(w). Suppose 0 = q*u - 44 - 111. List the prime factors of u.
31
Let l(y) = -y - 12. Let r be -7 + 10 + (-15 - -1). Let h be l(r). Let c(q) = -31*q. What are the prime factors of c(h)?
31
Let t = 385 - 228. What are the prime factors of t?
157
Let o = -39 - -84. List the prime factors of o.
3, 5
Suppose -26 - 174 = 4*l. Let w = -75 - l. What are the prime factors of 24/5 + (-5)/w?
5
Let a be 0 - 2 - -3 - 3. Let n be 5 + (-7)/((-7)/a). What are the prime factors of 29/2 - n/6?
2, 7
Suppose 5*k + 6*l - l - 1540 = 0, 4*k = 5*l + 1232. Suppose k + 178 = 9*t. List the prime factors of t.
2, 3
What are the prime factors of 0*(-2 - -3) + 0 + 401?
401
Let x be 9/((6/15)/((-18)/(-5))). What are the prime factors of ((-9)/(-9))/((-80)/x - -1)?
3
Let f be 6 + -2 + (-8)/(-2). Suppose -60 = 5*p + 5*k, 2*p + f + 14 = -k. Let a(b) = -b**2 - 10*b + 12. What are the prime factors of a(p)?
2, 3
Let d = 324 + -62. Suppose -2*i - 194 = -0*m - 3*m, 4*m - 2*i = d. List the prime factors of m.
2, 17
List the prime factors of 0 + (-4290)/(-3) + -51 + 51.
2, 5, 11, 13
Let n(r) = -2*r**3 + r**2 - 1. Let l be n(-1). Let a be 37/l*(-17 + 19). Let q = 10 + a. What are the prime factors of q?
47
Suppose -4*m = -2*h - 15712, 4*h - 11784 = -3*m + 9*h. What are the prime factors of m?
2, 491
Let j = 34 + -22. Let m(g) be the third derivative of g**4/8 - 5*g**3/3 + 13*g**2 - 2*g. What are the prime factors of m(j)?
2, 13
List the prime factors of 2022/(-6)*1*(-6)/2.
3, 337
Suppose -5*q = 2*w - 5*w + 14241, 3*w + 2*q = 14241. What are the prime factors of w?
47, 101
Suppose -7*w - 2*n = -3*w - 852, 2*n = -8. What are the prime factors of w?
5, 43
Let d(h) = -h**2 + 11*h - 3. Let x be 4/(-18) - (-106)/(-9). Let o(j) = j**2 + 13*j + 17. Let y be o(x). List the prime factors of d(y).
3
Suppose -x + 5*a + 76 - 23 = 0, -4*x + 137 = 5*a. Suppose 2*p = -0*p + x. What are the prime factors of p?
19
What are the prime factors of (2 + -45)/(1/11*-1)?
11, 43
Let r = 601 - 170. What are the prime factors of r?
431
Let v(u) = -u**3 - 8*u**2 - 3*u - 12. Let q be (-3)/1 + -7 + 5. Let j be 16/(-6)*(q + 8). List the prime factors of v(j).
2, 3
Let i(a) = a**2 + 26*a + 402. List the prime factors of i(35).
43, 59
Let u be 2/((-35)/10 - -4). Suppose 282 = u*f - 198. What are the prime factors of f?
2, 3, 5
Let c = -45 - -89. Suppose -m - 3*m - c = 0. What are the prime factors of m/2*(-7 - -5)?
11
Suppose -72 + 0 = -6*j. Suppose -j*c = -17*c + 275. What are the prime factors of c?
5, 11
Let r = -741 - -1473. List the prime factors of r.
2, 3, 61
Suppose 2*h + 8 = 2, 33 = k - h. Let n be ((-15)/1)/(45/k). Let q = 13 + n. What are the prime factors of q?
3
Let q be (282/(-4))/(1/(-6)). Suppose 5*y = -o + q, 2*o = -y + 51 + 39. Suppose 2*c - 4*i = y, 28 = c - 3*i - 19. What are the prime factors of c?
2
What are the prime factors of (33/55)/(282/(-285) + 1)?
3, 19
Let h = -29 - -182. List the prime factors of h.
3, 17
Suppose 3*y + 0*y = -5*b - 18, -2*b = 4*y + 10. Let w be (10/b)/(14/(-21)). Let j = 4 + w. What are the prime factors of j?
3
Let w be 2/(-10) + 24/(-30). Let c(i) = 2*i - 5 - 2*i + 3 - 4*i. List the prime factors of c(w).
2
Suppose 7*c + 35 - 336 = 0. Let a = c + -12. List the prime factors of a.
31
Let s = -60 + 67. Suppose s*b = 711 + 437. What are the prime factors of b?
2, 41
Suppose 99*g = 113*g - 28420. List the prime factors of g.
2, 5, 7, 29
Let d = -1477 - -3245. What are the prime factors of d?
2, 13, 17
Suppose -81400 = -44*t + 19*t. List the prime factors of t.
2, 11, 37
Suppose 56*k - 22*k - 76568 = 0. What are the prime factors of k?
2, 563
Suppose 0*j - 35 = 3*j + 5*k, j + 8 = 2*k. Let x(s) = 2*s**2 + 16*s - 5. List the prime factors of x(j).
5, 7
Let r(h) = h + 21. Let p be r(10). Suppose 33*o - p*o = 20. List the prime factors of o.
2, 5
Let t be ((-5)/1)/10*-6. Suppose 5*f - 56 = a, f + 4*a - t - 4 = 0. List the prime factors of f.
11
Suppose 0 = 12*u - 16*u. Suppose u = -5*h - 5*x + 130, -h + x = 3*x - 25. List the prime factors of h.
3
Let r(u) = 359*u + 517. List the prime factors of r(9).
2, 937
Let q be (-4)/4 - (-7)/1. Let w be -4*q*33/44. List the prime factors of (-633)/w - (-2)/(-12).
5, 7
Suppose 5*n - 23 = -2*s, 3*n - 9 = -s + 5. Suppose -n*r - h = -18, r - 5*h = -4*r. Suppose -r*b + 184 = b. List the prime factors of b.
2, 23
Let o(p) = -20*p**2 - 6*p + 5. Let f be o(1). What are the prime factors of ((-1127)/f - -1)*(-6)/(-4)?
2, 41
Let a(q) = -q**3 + 5*q**2 + 2. Suppose -25 = -0*h - 5*h. Let w be a(h). List the prime factors of 891/55 - w/10.
2
Suppose 0 = q + 5*m - 32, -13*q + 8*q = -2*m - 241. List the prime factors of q.
47
Let j = -110 + 121. Suppose j*f = 16*f - 225. List the prime factors of f.
3, 5
Let s(c) = -2*c**2 + 14*c + 2. Let o be s(7). Suppose -372 = -o*f + r, -3*f + 932 = 2*f - 2*r. What are the prime factors of f?
2, 47
Suppose 4*l = 2*t - 7*t - 13, -2*t + l = 0. Let n = t - 5. What are the prime factors of 2*9/n + 15?
2, 3
Let q(f) be the second derivative of 0 - f**3 + 5/2*f**2 - 5*f. List the prime factors of q(-4).
29
Let c(i) = -i + 5. Let p be c(-4). Let d = -7 + p. List the prime factors of d.
2
Suppose -4*y + b = -3495, -36*y = -35*y + b - 880. What are the prime factors of y?
5, 7
Suppose 2*y - 325 = y. Suppose 2*g + 3*g - y = 0. What are the prime factors of g?
5, 13
Suppose 0 = 10*c - 4*c - 3516. Suppose -8*o + 526 = -c. What are the prime factors of o?
139
Suppose 0 = 5*n - 55 + 25. Let o(a) = 27*a + 50. What are the prime factors of o(n)?
2, 53
Let j = -1580 + 6084. List the prime factors of j.
2, 563
Suppose 0 = -f + 4*d - 57, f = 4*f - 2*d + 131. Let t = 66 + f. What are the prime factors of t?
5
Let r be (-30)/(-5) - (5 + -4 + 3). Let d(u) = 11*u + 2. Let q be d(2). Let w = r + q. List the prime factors of w.
2, 13
Suppose -5*o + 5*z + 4415 = 0, 4*z - 2200 = -3*o + 463. What are the prime factors of o?
3, 5, 59
Let n be 138 + (1 - 5) - 3. Suppose 197 = 4*b - n. Suppose 2*o - 2*x - b = 0, 5*o = 3*x - 6*x + 173. L